3 + 34*y**2 - 615*y - 172. Calculate j(-47).
16
Let h(r) = 70*r - 1675. Calculate h(24).
5
Let v(d) = 559*d - 2460. Determine v(5).
335
Let g(t) = -18*t**3 - 6*t**2 + 5*t - 5. Determine g(2).
-163
Let h(y) = -86*y + 779. What is h(9)?
5
Let w(p) = p**3 - 23*p**2 + 100*p + 196. Calculate w(16).
4
Let j(g) = g**3 + g**2 - 5*g - 296. Calculate j(0).
-296
Let v(z) = 185*z + 738. What is v(-4)?
-2
Let l(p) = 3*p**2 + 112*p - 6. Calculate l(-37).
-43
Let k(z) = -4*z**2 + 1296*z - 22033. Calculate k(306).
-1
Let a(h) = -h**3 - 13*h**2 - 32*h - 1. Give a(-3).
5
Let o(q) = 16*q**2 - 11*q - 15. Determine o(2).
27
Let g(t) = 5*t**2 - 160*t + 308. Give g(30).
8
Let m(u) = 5*u**2 - 24*u. Calculate m(0).
0
Let q(o) = o**3 + 52*o**2 - o - 78. Give q(-52).
-26
Let v(l) = -5*l**2 - 191*l + 21. What is v(-38)?
59
Let b(z) = -65*z + 10329. Determine b(158).
59
Let w(y) = y**3 - 25*y**2 + 35*y - 209. Give w(24).
55
Let d(u) = u**3 + 59*u**2 - 128*u + 12. What is d(2)?
0
Let t(k) = -5*k - 123. What is t(-18)?
-33
Let p(q) = -4*q**2 - 252*q - 103. Determine p(0).
-103
Let u(q) = -38*q**3 - 152*q**2 - 13*q + 1. Give u(-4).
53
Let s(c) = 32588*c + 228117. Determine s(-7).
1
Let g(j) = j**2 - 24*j - 52. Give g(23).
-75
Let z(b) = b**3 - 76*b**2 - 220*b - 1339. Determine z(79).
4
Let r(a) = -a**2 + 38*a - 281. What is r(27)?
16
Let n(k) = 2*k**3 + 26*k**2 - 138*k + 52. Determine n(-17).
86
Let c(b) = 48*b - 1786. Give c(36).
-58
Let f(a) = 9*a**2 - 3*a - 7. What is f(-4)?
149
Let b(i) = 61*i - 421. Calculate b(8).
67
Let r(v) = -33*v**3 + v**2 + 29*v - 30. What is r(1)?
-33
Let q(w) = 2*w**3 - 47*w**2 - 16*w + 23. Determine q(24).
215
Let x(w) = 46*w - 388. Give x(0).
-388
Let n(c) = 5843*c - 29227. What is n(5)?
-12
Let k(h) = -16366*h - 114568. Give k(-7).
-6
Let u(p) = 4*p**3 - 129*p**2 + 17*p + 446. Calculate u(32).
-34
Let v(n) = -n**3 - 6*n**2 - n - 60. Calculate v(-7).
-4
Let w(c) = -c**2 + 134*c - 4136. Calculate w(48).
-8
Let s(j) = -j**3 - 11*j**2 - j - 29. Determine s(-8).
-213
Let q(l) = 124*l - 3364. Determine q(28).
108
Let x(j) = -96*j - 5492. Give x(-56).
-116
Let b(q) = q**3 - 14*q**2 - 20*q - 20. Give b(14).
-300
Let p(a) = -2*a**2 - a + 18. Determine p(-4).
-10
Let s(t) = -9*t**3 - t**2 - 138*t - 136. Determine s(-1).
10
Let y(f) = -2*f**3 + 78*f**2 - 539*f - 33. Give y(30).
-3
Let u(j) = -97*j**2 + 1262*j + 9. Calculate u(13).
22
Let a(t) = t**2 - 84*t - 62. Determine a(88).
290
Let v(g) = -10*g**2 - 87*g - 472. Give v(-6).
-310
Let u(l) = -l + 133. Determine u(-28).
161
Let r(w) = 10*w**3 - 229*w**2 - 31*w + 181. Determine r(23).
-3
Let l(d) = -d**3 - 90*d**2 + 85*d - 558. Give l(-91).
-12
Let n(h) = -23*h + 262. Calculate n(11).
9
Let w(h) = h**2 + 48*h + 430. What is w(-36)?
-2
Let c(z) = -26*z + 126. Give c(6).
-30
Let t(w) = -15*w**3 - 6*w**2 + 5*w + 10. Calculate t(-1).
14
Let n(i) = 4*i**2 + 504*i - 487. Determine n(-127).
21
Let a(q) = 2*q**2 - 21*q + 49. What is a(4)?
-3
Let d(t) = 13*t**2 - 89*t - 149. Calculate d(9).
103
Let l(u) = 3*u**2 - 68*u + 358. What is l(9)?
-11
Let n(m) = -5*m**3 - 2*m**2 - 6*m + 2. Calculate n(-2).
46
Let a(c) = -c**3 + 12*c**2 - 29*c + 39. Give a(8).
63
Let o(x) = -x**3 - 7*x**2 + 53*x + 278. What is o(-9)?
-37
Let q(m) = -3*m**2 + 119*m + 532. Determine q(-4).
8
Let l(n) = -n**2 + 175*n - 3103. What is l(20)?
-3
Let l(u) = -2*u**3 - 71*u**2 - 34*u + 53. Give l(-35).
18
Let g(y) = 12*y**3 + 17*y**2 - 10*y - 78. Give g(-3).
-219
Let u(n) = 134*n + 8646. Give u(-65).
-64
Let k(c) = -15*c**2 - 59*c + 12. Give k(-4).
8
Let o(u) = -2*u**3 + 30*u**2 - 84*u + 173. Calculate o(12).
29
Let y(c) = 2*c**2 - 361*c + 3082. Calculate y(9).
-5
Let w(d) = -38*d + 307. Determine w(8).
3
Let s(p) = 2*p**2 + 64*p + 73. Determine s(-29).
-101
Let c(x) = -150*x + 1375. Give c(10).
-125
Let j(q) = 2*q**2 + 126*q - 684. Determine j(-68).
-4
Let k(x) = x**3 + 7*x**2 + 14*x - 24. What is k(-5)?
-44
Let c(u) = u**3 + 2*u**2 - 20*u + 43. Give c(4).
59
Let d(a) = a**3 - 11*a**2 + 42*a - 98. Determine d(7).
0
Let u(j) = -52*j + 1113. Determine u(20).
73
Let y(o) = -10903*o**2 - 10898*o + 2. What is y(-1)?
-3
Let w(z) = 271*z**3 - 2*z**2 + 11*z - 9. Give w(1).
271
Let w(p) = -539*p - 1633. What is w(-3)?
-16
Let n(a) = a**3 + 83*a**2 + 606*a + 53. Determine n(-8).
5
Let w(v) = -v**3 + 3*v**2 + 54*v - 187. What is w(0)?
-187
Let d(p) = -2*p**2 - 32*p - 42. Calculate d(-13).
36
Let i(n) = 4*n**3 - 72*n**2 + 5*n - 18. Calculate i(18).
72
Let y(d) = 102*d - 849. Give y(9).
69
Let y(q) = -q**3 - 5*q**2 + 8*q + 59. What is y(3)?
11
Let v(t) = t**3 - 8*t**2 - 2*t - 48. Give v(9).
15
Let q(k) = 17*k**2 - 7*k - 38. Give q(-6).
616
Let r(i) = i**3 - 61*i**2 + 118*i + 262. Calculate r(59).
262
Let o(f) = -5*f + 47. Determine o(12).
-13
Let m(r) = -r**2 + 38*r + 92. What is m(-5)?
-123
Let m(t) = -t**3 + 2*t**2 + 21*t - 7. Determine m(0).
-7
Let m(n) = 64*n + 1729. What is m(-27)?
1
Let v(f) = 24*f**3 - 506*f**2 + 39*f + 24. Determine v(21).
-39
Let y(q) = -q**2 + 24*q - 25. What is y(20)?
55
Let d(i) = -950*i + 17106. Give d(18).
6
Let u(p) = p**2 - 14*p - 19. Calculate u(8).
-67
Let v(h) = -h**3 - 8*h**2 + 5*h - 135. Calculate v(-10).
15
Let p(j) = -2*j + 122. Calculate p(-19).
160
Let b(u) = 2*u**3 - 163*u**2 - 252*u + 127. Give b(83).
-122
Let q(v) = 3*v**2 + 21*v + 56. Determine q(-8).
80
Let f(j) = -j**2 - 62*j + 6608. Calculate f(-118).
0
Let l(q) = 2*q**2 + 50*q - 57. Calculate l(-26).
-5
Let n(y) = 7*y - 95. What is n(21)?
52
Let l(h) = 15*h**2 + 49*h + 92. Give l(-5).
222
Let u(h) = 85*h - 980. Calculate u(11).
-45
Let a(q) = -q**2 + 25*q - 182. Determine a(10).
-32
Let z(s) = 6*s - 191. Determine z(10).
-131
Let b(a) = a**2 + a - 16. Calculate b(-7).
26
Let i(c) = -c**3 + 7*c**2 + 1. What is i(5)?
51
Let u(s) = -s**3 - 42*s**2 + 197*s + 2789. What is u(-45)?
-1
Let b(u) = -u**2 - 86*u - 1861. Calculate b(-43).
-12
Let h(f) = f**3 - 12*f + 57. Give h(0).
57
Let z(a) = a**3 - 16*a**2 - 37*a - 55. Determine z(18).
-73
Let g(f) = f**3 - 4*f**2 - 6*f + 15. Determine g(8).
223
Let r(a) = 69*a + 12292. Determine r(-178).
10
Let x(s) = 10*s**2 + 376*s + 376. Calculate x(-1).
10
Let a(h) = -2*h**3 + 51*h**2 + 79*h + 65. Calculate a(27).
11
Let i(d) = 8624*d - 51738. Give i(6).
6
Let i(f) = -474*f**2 + 11*f + 1. Determine i(1).
-462
Let i(p) = -3*p + 12. Determine i(-64).
204
Let v(l) = 2684*l - 163729. What is v(61)?
-5
Let h(x) = -12*x + 127. What is h(12)?
-17
Let b(z) = -z**2 + 179*z - 4107. Determine b(27).
-3
Let a(k) = -14*k**2 + 8*k + 26. What is a(2)?
-14
Let f(m) = -m**3 + 159*m**2 - 4165*m + 225. Determine f(33).
-6
Let o(q) = 3*q**2 - 31*q - 270. Give o(16).
2
Let j(r) = 32*r + 122. What is j(-2)?
58
Let h(l) = 20*l**2 + 134*l + 342. Give h(-3).
120
Let z(v) = 3*v**2 + 1638*v + 1642. Calculate z(-1).
7
Let t(y) = -92*y**2 - 77*y + 1. What is t(-1)?
-14
Let c(j) = -2*j**2 - 475*j - 1890. Calculate c(-4).
-22
Let n(y) = 24*y**2 - 296*y - 196. Calculate n(13).
12
Let c(h) = -3*h**3 - 31*h**2 - 21*h - 115. Give c(-10).
-5
Let h(i) = 21*i + 544. Give h(-51).
-527
Let k(l) = 4*l**2 + 19*l - 98. Give k(-8).
6
Let g(i) = -2*i**3 + 91*i**2 - 134*i + 204. What is g(44)?
116
Let q(g) = 244*g + 1462. Give q(-7).
-246
Let g(t) = 2*t**2 + 1567*t - 7879. What is g(5)?
6
Let w(v) = v**3 + 3*v**2 - 95*v - 447. Give w(-6).
15
Let m(r) = 62*r - 679. Determine m(11).
3
Let h(m) = -m**2 + 42*m + 1077. Calculate h(60).
-3
Let j(w) = -w**3 - 46*w**2 - 91*w - 130. Give j(-44).
2
Let t(p) = 14*p**2 + 362*p + 24. Determine t(-25).
-276
Let v(g) = 2*g**2 + 22*g - 287. Calculate v(9).
73
Let t(f) = f**2 + 2*f - 125. What is t(-11)?
-26
Let l(a) = 125*a - 12250. Calculate l(98).
0
Let p(w) = -5*w**2 + 2*w - 21. Give p(-2).
-45
Let x(b) = -1241*b - 16202. Calculate x(-13).
-69
Let s(l) = 10*l**2 - 347*l + 261. Calculate s(34).
23
Let a(p) = -2*p**3 - 92*p**2 + 95*p + 40. What is a(-47)?
-7
Let q(d) = 90*d - 192. Calculate q(7).
438
Let f(j) = 3*j**2 + 74*j - 487. Determine f(-30).
-7
Let o(w) = -845*w - 2542. Calculate o(-3).
-7
Let w(j) = j**3 - 9*j**2 + 32*j + 23. What is w(8)?
215
Let u(v) = 959*v - 8642. What is u(9)?
-11
Let u(l) = l**3 + 19*l**2 - 145*l + 115. What is u(-25)?
-10
Let o(h) = -2*h**3 + 8*h**2 + 106*h + 132. What is o(10)?
-8
Let m(t) = 25*t + 